 3*f = 312. Calculate the greatest common factor of 9 and k.
9
Let k(f) = -f**3 + 10*f**2 - 6*f + 2. Let o be k(9). Let j = o + -20. Let t = j - 7. Calculate the greatest common divisor of t and 10.
2
Let b = 1 - -91. What is the highest common factor of 23 and b?
23
Let m(v) = 20*v. Let o be m(2). What is the greatest common factor of o and 20?
20
Let z(n) = 10*n**2 + 3. Let j be z(4). Let v(g) = -4*g**2 - 7*g - 13. Let l be v(-6). Let r = l + j. What is the greatest common factor of r and 12?
12
Suppose 59 = 3*z + 35. What is the highest common divisor of 248 and z?
8
Suppose -24 = 4*n + 92. Let j = n - -40. What is the greatest common factor of j and 44?
11
Let d be (-17)/1*(-10 + 2). Let b be (-99)/(-21) + (-2)/(-7). Let q = 12 + b. Calculate the highest common factor of q and d.
17
Suppose 245 = 7*x - 161. What is the greatest common divisor of 464 and x?
58
Let j be (-6)/4*(-220)/6. Calculate the highest common factor of j and 11.
11
Let q(m) = -m**2 - 7*m + 8. Let h be q(-6). Let n(v) = v**3 - 16*v**2 + 3*v + 36. Let p be n(16). What is the highest common factor of h and p?
14
Suppose -2*i + 3*c = -c - 48, 2*i - 55 = -3*c. Suppose 0 = 24*a - 25*a - 5*t - 12, -5*a = 2*t - 55. Calculate the highest common factor of a and i.
13
Suppose 2*a + 3*x = -15, 4*a = -x - 0*x - 5. Suppose 3*i + a = 6. Suppose 3*h - 26 + i = 0. What is the greatest common factor of 56 and h?
8
Suppose 0 = -5*h + 24 - 79. Let n be -2 - -2 - (h + 0). Let d = -2 + n. What is the greatest common divisor of 99 and d?
9
Suppose b - 5*p = 7 + 29, -4*b + 5*p = -84. Suppose 63 = 2*d + 15. What is the highest common divisor of d and b?
8
Let k(u) = -u**2 - u + 5. Let l be k(-4). Let j be 7/(l/(-24)) - 0. Let i be (2 + (-42)/5)/(6/(-45)). Calculate the greatest common divisor of j and i.
24
Let b(q) = -45*q**3 - q**2 - 2*q - 1. Let y be b(-1). Suppose 0*m + 3*m + 5*p = 34, 3*m - 3*p - 66 = 0. Calculate the greatest common factor of m and y.
9
Let v(k) = 65*k**2 + 2*k - 2. Let d be v(1). Suppose 5*m + 52 = 4*h, -2*h + m + 26 = -4*m. What is the greatest common divisor of h and d?
13
Suppose k = 5*k + 156. Suppose 0 = i + 3*i - 96. Let o = i - k. What is the greatest common factor of 7 and o?
7
Suppose -5*c + 66 = 5*h - 104, -69 = -2*h - c. Let k = h - 7. Calculate the highest common divisor of 42 and k.
14
Suppose 5*l + 29 = -2*c - 7, -l + 2*c = 12. Let t = l + 11. Suppose -2*f + 5*f - t = 0. What is the greatest common factor of f and 1?
1
Let i(n) = -3*n**3 + n**2 + n - 4. Let w be i(-2). What is the greatest common divisor of w and 33?
11
Let g(l) be the first derivative of l**3/3 - l**2 + l - 1. Let z be g(2). Calculate the highest common divisor of 8 and z.
1
Let l = -6 + 8. Let c(y) = 2*y**3 - 3*y**3 - 5*y - 6*y**l + 0 + 4. Let t be c(-5). What is the highest common divisor of 2 and t?
2
Suppose 0*m = 4*m - 16. Suppose -2*l = -m*l. Suppose l = -2*v - 2*v + 8. Calculate the greatest common factor of v and 2.
2
Suppose -3*p - 2*p + 40 = 0. Suppose -h - 5*w + 5 = 32, -42 = 3*h + 2*w. Let f = 14 + h. Calculate the greatest common divisor of f and p.
2
Let d(m) = m**3 - 4*m**2 + 3*m. Let k be d(5). Let p = 5 + -5. Suppose p = -2*j - 0*j + 16. What is the highest common factor of k and j?
8
Let g be 3*2/3 - -3. Suppose -4*u - 99 = -g*u. What is the highest common factor of 11 and u?
11
Let l be (-10)/(-3) + (-2)/6. Suppose l*i = 5*i - 14. Let y = 13 - 6. Calculate the highest common factor of y and i.
7
Let k(c) = c**2 - 7*c - 5. Let g be k(8). Suppose -5*f - 119 = -3*v, 0 = -v + g*v - f - 91. Let m = v - 23. Calculate the highest common divisor of 5 and m.
5
Suppose -5*z - 188 = -2*p, 5*p + 10 = -2*z + 509. Suppose -4 - 32 = -4*b. What is the greatest common divisor of b and p?
9
Let m = 6 + -4. Suppose 2 = -m*j + 4. Suppose -3*t + 9 = -0*t. What is the highest common divisor of t and j?
1
Suppose 2*w = -0*w + 26. Let q = 25 + w. Calculate the highest common divisor of 57 and q.
19
Suppose 9 = 2*z + 3. Let m be (-1)/z*-3 - 13. Let o be m/(-9) + (-4)/(-6). What is the greatest common factor of o and 14?
2
Let i(o) = -o**2 - 4*o + 8. Let l be i(-4). What is the highest common factor of l and 1?
1
Let q(j) = j**3 + 9*j**2 + 4*j - 14. Let g be q(-7). Calculate the greatest common divisor of 8 and g.
8
Let k(o) = -4*o - 16. Let q be k(-5). Calculate the greatest common divisor of 32 and q.
4
Let i be (-77)/(-3) - (-2)/(-3). Let m be (i - 1) + (3 - 2). Calculate the greatest common divisor of 10 and m.
5
Suppose -3 = x - 0. Let t(q) = -10*q - 4. Let c be t(x). Calculate the greatest common divisor of c and 26.
26
Let j(z) = -z**2 - z + 126. Suppose 0 = -5*s - 10 + 35. Let q be (-2)/10 + s/25. Let x be j(q). Calculate the greatest common divisor of 14 and x.
14
Let w(y) = 8*y**2 + 5*y - 4. Let h = 7 - 3. Let x be w(h). Calculate the highest common divisor of x and 18.
18
Let q = -19 - -16. Let a be ((-363)/9)/(1/q). Let w(m) = m**2 - 3*m - 7. Let f be w(6). Calculate the greatest common factor of a and f.
11
Let q be 2 + (43 - 0) + 2. Suppose -4*z + q = -25. What is the greatest common divisor of z and 144?
18
Let u = -10 + 61. Suppose -r + u = 4*b + 4*r, -r - 1 = 0. Let y = 46 + -32. What is the highest common divisor of b and y?
14
Let f = -1 + 7. Suppose -s + f = 3*z, -s - 4*z = 2*s - 28. What is the greatest common divisor of 3 and s?
3
Let c(n) = 2*n. Let d be 2/4*2*8. Let j be c(d). What is the greatest common divisor of 176 and j?
16
Let d(a) = -2*a**3 - 3*a**2 + 6*a + 6. Let o(r) = -r**3 - r**2. Let y(c) = d(c) - o(c). Let b be y(-4). What is the highest common factor of b and 112?
14
Suppose t + 0*t = 13. Let h = -2 - -4. Suppose 16 = h*a - 10. Calculate the greatest common factor of a and t.
13
Let n = 12 + -30. Let h = -2 - -1. Let f be 0/1 + n/h. What is the highest common factor of f and 45?
9
Suppose 0 = t - f - 79, 2*t + f - 401 = -3*t. Calculate the greatest common divisor of t and 8.
8
Let p(t) = 2*t**3 + t**2 + 2*t - 1. Let z be p(2). Calculate the greatest common factor of 253 and z.
23
Let q(u) = -u + 16. Let s be q(7). Suppose 0 = -6*c + 93 + 339. What is the highest common divisor of c and s?
9
Let o be 1*(1 + 0) + -21. Let w be 2/(-3 + 5) - o. Suppose 0*y = 3*y - w. Calculate the greatest common divisor of y and 7.
7
Let d be 2/3*(-300)/(-8). Calculate the greatest common divisor of d and 100.
25
Let p = -122 + 200. What is the highest common factor of 26 and p?
26
Suppose -m - 68 = -4*t, 0*m = -3*t - 2*m + 62. Calculate the greatest common divisor of 36 and t.
18
Let u = 25 - 7. Let k = u + -2. Suppose -k + 7 = -3*w. What is the highest common divisor of w and 3?
3
Let k be 9/3*(1 - -29). Suppose 0 = -5*j + 3*x + 41, -4*j + 2*x + 38 = 4. What is the highest common divisor of j and k?
10
Suppose -16 = -6*m + 20. Calculate the highest common divisor of 3 and m.
3
Let b = 35 + -15. Let h(m) = 42*m + 10. Let n be h(5). Calculate the highest common factor of n and b.
20
Suppose -6*r - 20 = -4*r. Let f = r + 15. Calculate the highest common factor of f and 25.
5
Let n be -3 + 4/((-12)/(-15)). Let p = n - -8. Calculate the highest common factor of p and 50.
10
Suppose -x + 131 + 40 = 4*r, -5*x = -3*r + 157. Calculate the highest common divisor of 4 and r.
4
Suppose 2*f - r - 14 = -0*f, -4 = r. Suppose -31 + 6 = -f*g. Calculate the highest common divisor of 5 and g.
5
Let q(y) = 5*y + 6*y**2 + 4*y**3 + 8 - y + 3*y**2 - 3*y**3. Let n be q(-8). Let z be ((-5)/3)/(2/(-6)). Calculate the greatest common divisor of n and z.
5
Let o = -68 - -73. What is the greatest common factor of o and 50?
5
Let s = 16 + -8. Calculate the highest common divisor of s and 40.
8
Suppose 0 = 2*c - 3*c + 11. Suppose -343 = -5*q + 262. What is the greatest common divisor of c and q?
11
Let f be (-104)/(-10) - -1 - 2/5. What is the greatest common divisor of f and 44?
11
Let a be (-40)/(-15)*(-9)/(-2). Suppose -z - 432 = -5*z. What is the highest common divisor of a and z?
12
Let w = 11 - 5. Let x be (-6)/(-6) - (-1 + -7). Calculate the highest common divisor of x and w.
3
Let r be 8 - -1 - 1*-1. Calculate the highest common divisor of r and 2.
2
Let z be 135/4 - (-6)/(-8). Suppose -5*g + 4*i = -i + 65, -3*g + i = 47. Let a = z + g. Calculate the greatest common factor of 64 and a.
16
Supp